a) = 2*a**2 - 38*a - 7. Calculate t(20).
33
Let n(t) = -9*t**3 + 33*t**2 + 10*t + 4. Give n(4).
-4
Let l(p) = 53*p - 4482. Calculate l(85).
23
Let b(l) = l**2 + 199. Calculate b(9).
280
Let s(m) = -8*m - 139. What is s(-17)?
-3
Let j(m) = -93*m + 2764. Determine j(32).
-212
Let p(y) = 27*y**2 + 10*y - 3. What is p(4)?
469
Let t(f) = -f**3 - 8*f**2 - 13*f - 12. What is t(-7)?
30
Let b(d) = d**3 + 4*d**2 - 174*d - 178. Give b(-1).
-1
Let l(k) = 19*k**2 - 3*k. Calculate l(2).
70
Let w(h) = 59*h**2 - 4*h + 3. Determine w(2).
231
Let h(q) = 13*q**2 + 252*q - 166. Determine h(-20).
-6
Let m(c) = 222*c - 1065. Calculate m(4).
-177
Let f(o) = o**2 - 23*o - 712. What is f(-13)?
-244
Let y(q) = 79*q - 1234. Give y(16).
30
Let u(r) = -7*r**3 + 4*r**2 + 6*r + 1. What is u(-1)?
6
Let t(f) = -18886*f - 75527. What is t(-4)?
17
Let b(j) = j**3 + 28*j**2 - 894*j - 38. Give b(-47).
9
Let a(j) = -2255*j - 9027. Calculate a(-4).
-7
Let b(m) = -m**3 + 47*m**2 - 92*m + 76. Determine b(45).
-14
Let r(j) = -10*j**2 + 463*j - 134. Determine r(46).
4
Let b(z) = -z**2 + 149*z - 2824. Calculate b(23).
74
Let c(u) = 59*u + 545. Give c(-11).
-104
Let v(g) = 19*g**2 - 79*g - 3. Determine v(4).
-15
Let r(k) = k**3 + 28*k**2 + 78*k + 7. What is r(-3)?
-2
Let l(i) = -32*i - 1364. Calculate l(-35).
-244
Let w(p) = 5*p - 286. Calculate w(22).
-176
Let h(t) = -5554*t + 22179. What is h(4)?
-37
Let v(p) = -12*p**2 + 2*p - 16. Give v(3).
-118
Let p(u) = u**2 + 28*u - 84. Give p(-34).
120
Let g(q) = -7*q**3 - 9*q**2 + 19*q - 9. Determine g(2).
-63
Let s(b) = 2*b**2 + 13*b + 65. What is s(-6)?
59
Let k(g) = 24*g**2 - 164*g + 494. What is k(3)?
218
Let l(i) = 46*i - 159. Calculate l(6).
117
Let w(y) = -26*y + 1. Calculate w(2).
-51
Let h(m) = -m**3 + 16*m**2 - 62*m + 13. What is h(9)?
22
Let m(s) = -110*s + 1048. Determine m(8).
168
Let w(z) = -2*z**3 - 2*z**2 + 11*z - 16. Calculate w(3).
-55
Let x(g) = -4*g**3 - 3*g**2 - 85*g + 88. What is x(1)?
-4
Let h(n) = 220*n**2 - 2*n - 42. Give h(0).
-42
Let x(f) = -f**3 - 199*f**2 - 5868*f + 13. Give x(-163).
13
Let t(u) = u**3 + 18*u**2 - 242*u - 17. Give t(-27).
-44
Let i(d) = -d**3 - 35*d**2 - 67*d - 78. Give i(-33).
-45
Let m(j) = 114*j - 458. What is m(4)?
-2
Let k(x) = 9*x - 47. Calculate k(1).
-38
Let c(p) = -p**3 - 63*p**2 + 99*p + 2260. Give c(-64).
20
Let m(z) = -5*z**2 - 39*z + 13. Determine m(-8).
5
Let v(n) = n**3 + 15*n**2 - 39*n + 8. Give v(2).
-2
Let t(q) = 64*q + 88. Determine t(-3).
-104
Let l(f) = -f**2 - 97*f - 1562. Calculate l(-76).
34
Let w(o) = -o**3 + 12*o**2 + 22*o + 19. Determine w(14).
-65
Let u(c) = -7*c**2 + 10*c + 4. Give u(1).
7
Let f(j) = -6*j**2 + 28*j - 9. Give f(9).
-243
Let m(k) = k**2 - 260*k + 16510. Determine m(150).
10
Let y(w) = -w**3 + 42*w**2 - 36*w - 77. Determine y(41).
128
Let n(k) = 27*k + 319. Determine n(-13).
-32
Let f(d) = d**3 + 16*d**2 - 75*d - 31. What is f(-19)?
311
Let f(n) = 7*n + 268. Give f(-41).
-19
Let s(m) = 44*m**3 + 52*m**2 + 55*m + 1. What is s(-1)?
-46
Let w(q) = -3154*q + 3137. What is w(1)?
-17
Let d(x) = 220*x + 141. Calculate d(2).
581
Let p(n) = 2*n + 66. What is p(-13)?
40
Let f(s) = 249*s + 252. Calculate f(-1).
3
Let x(o) = -3*o**2 - 38*o - 113. Give x(-4).
-9
Let v(j) = 662*j + 1322. Determine v(-2).
-2
Let p(y) = y**3 - 20*y**2 - 31*y + 196. Give p(21).
-14
Let b(a) = 3*a**3 + 1059*a**2 + 1031*a - 8798. What is b(-352)?
2
Let f(l) = 2*l**3 + 31*l**2 + 19*l - 18. What is f(-15)?
-78
Let u(v) = -v**3 + 47*v**2 + 101*v - 116. Calculate u(49).
31
Let o(f) = 70*f + 84. Determine o(-2).
-56
Let u(v) = v**3 + 42*v**2 - 46*v - 89. Give u(-43).
40
Let j(q) = -102*q - 1210. Determine j(-12).
14
Let v(c) = 10*c**2 - 318*c + 1307. What is v(4)?
195
Let x(l) = -l**3 - 14*l**2 + 56*l - 17. Determine x(-17).
-102
Let j(h) = h**3 - 45*h**2 - 142*h - 79. Calculate j(48).
17
Let t(o) = 50*o**2 - 21*o - 23. Give t(-1).
48
Let h(b) = -4*b**2 - 54*b + 6. What is h(-12)?
78
Let c(p) = 451*p + 3329. Calculate c(-9).
-730
Let c(b) = b**3 + 18*b**2 - 75*b - 694. Give c(-20).
6
Let t(a) = 12*a**2 - 124*a + 253. Determine t(2).
53
Let s(i) = 125*i - 961. Calculate s(7).
-86
Let s(z) = z**2 - 51*z - 58650. What is s(-218)?
-8
Let c(z) = -4*z**2 + 53*z - 84. Determine c(10).
46
Let l(y) = 49*y**2 - 873*y - 137. Determine l(18).
25
Let h(k) = 14*k - 482. Calculate h(39).
64
Let u(w) = 2*w**3 + 13*w**2 - 4*w + 44. Give u(-11).
-1001
Let r(a) = -4*a**2 - 188*a + 200. What is r(-48)?
8
Let x(z) = -2*z**2 + 7*z - 70. What is x(10)?
-200
Let l(o) = 183*o - 369. Give l(2).
-3
Let y(j) = -9*j + 15. Calculate y(7).
-48
Let q(a) = -3*a**2 - 424*a + 1719. What is q(4)?
-25
Let k(z) = 133*z + 385. Give k(-3).
-14
Let r(d) = d**2 + d - 2129. Calculate r(-53).
627
Let b(h) = -h**3 - 22*h**2 + 8*h + 92. What is b(-23)?
437
Let z(v) = -v**3 + 10*v**2 - 14*v - 23. Determine z(4).
17
Let j(q) = 250*q**3 + 3*q**2 + q - 3. Determine j(1).
251
Let f(w) = -40*w - 2913. What is f(-73)?
7
Let u(c) = -c**3 - 80*c**2 - 286*c + 1361. Give u(-76).
-7
Let t(c) = c**2 - 19*c - 242. Calculate t(-10).
48
Let y(x) = -3*x**3 - 4*x**2 - 3*x + 17. What is y(3)?
-109
Let g(x) = -2900*x - 2893. Give g(-1).
7
Let c(t) = -9*t**2 - 5*t + 11. Give c(-4).
-113
Let h(c) = -813*c - 5697. Give h(-7).
-6
Let a(w) = -w**2 + 23*w + 169. Give a(30).
-41
Let l(d) = -961*d - 12451. Calculate l(-13).
42
Let m(q) = -q**3 - 52*q**2 - 67*q - 820. Calculate m(-51).
-4
Let j(y) = 1141*y - 25058. What is j(22)?
44
Let j(w) = 11*w**2 + 17*w + 7. Give j(-5).
197
Let w(z) = -55*z + 3399. Determine w(59).
154
Let s(t) = -t**2 + 18*t + 428. Give s(-14).
-20
Let a(o) = 35*o**2 + 31*o - 2. What is a(-1)?
2
Let o(m) = -5*m - 206. Give o(-7).
-171
Let d(g) = 14*g - 257. Determine d(0).
-257
Let x(t) = -4*t**3 - 89*t**2 + 275*t - 11. Give x(-25).
-11
Let d(s) = 39*s + 4141. Calculate d(-106).
7
Let f(v) = -v**3 + 204*v**2 - 2314*v + 1919. Calculate f(192).
-1
Let z(v) = v**3 - 23*v**2 + v - 15. Give z(23).
8
Let g(x) = -x**3 - 3*x**2 - 2365*x - 7088. Determine g(-3).
7
Let t(v) = -v**2 - 61*v - 815. Determine t(-40).
25
Let c(s) = 73*s**3 - 4*s**2 - 18*s - 15. What is c(-1)?
-74
Let x(d) = 2*d**3 + 50*d**2 + 240*d - 9. Calculate x(-6).
-81
Let n(p) = -p**3 + 5*p**2 + 25*p + 15. What is n(8)?
23
Let l(i) = 23*i + 81. What is l(-4)?
-11
Let k(i) = -i**2 + 36*i - 314. Give k(22).
-6
Let b(i) = i**2 - 40*i - 120. Calculate b(40).
-120
Let y(l) = 2*l**2 - 339*l + 4065. What is y(13)?
-4
Let m(o) = 2971*o + 17850. Give m(-6).
24
Let o(q) = q**3 + 38*q**2 + 186*q + 37. Determine o(-5).
-68
Let q(j) = -7*j**2 + 266*j - 2460. Calculate q(22).
4
Let p(j) = 2*j**2 - 28*j + 192. Determine p(13).
166
Let c(u) = u**2 + 28*u + 169. Calculate c(-19).
-2
Let a(y) = -2*y**2 + 115*y + 2629. Calculate a(75).
4
Let v(l) = l**3 + 104*l**2 - 529*l - 40. What is v(5)?
40
Let g(j) = 2*j**3 - 127*j**2 + 179*j + 400. Determine g(62).
-34
Let t(d) = 4*d**3 + 279*d**2 - 73*d - 204. Calculate t(-70).
6
Let s(o) = -13*o**2 - 220*o + 23. Give s(-17).
6
Let u(i) = i**2 - 49*i + 246. Give u(44).
26
Let q(y) = -130*y - 706. Give q(-6).
74
Let d(j) = -2*j**2 - 313. Calculate d(16).
-825
Let b(u) = 451*u - 3240. Give b(7).
-83
Let x(v) = 79*v + 1619. What is x(-23)?
-198
Let c(o) = -9*o**2 - 35*o + 145. Calculate c(6).
-389
Let t(g) = -16*g + 168. Calculate t(11).
-8
Let c(s) = -2*s**3 - 74*s**2 - 60*s + 415. Calculate c(-36).
-17
Let z(y) = 2*y**3 + 3*y**2 + 6*y - 7. Give z(3).
92
Let h(w) = w**2 - 67*w + 259. Determine h(63).
7
Let l(b) = -3*b**2 + 44*b + 322. Calculate l(20).
2
Let g(v) = -266*v + 5854. Calculate g(22).
2
Let g(h) = -h**3 + 119*h**2 + 1021*h - 635. Determine g(127).
0
Let c(o) = 158*o + 6005. What is c(-38)?
1
Let h(s) = -2*s - 11. What is h(-7)?
3
Let v(l) = 2*l**3 - 5*l**2 - 2*l + 2. Give v(3).
5
Let l(h) = h**3 - 32*h**2 + 124*h + 2. Give l(5).
-53
Let m(x) = -2*x**3 + 6*x**2 + 22*x - 27. Determine m(5).
-17
Let h(u) = -43*u + 354. Determine h(8).
10
Let u(g) = g**3 - 5*g**2 - 23. Determine u(7).
75
Let m(y) = -3*y**3 + 52*y**2 - 14*y - 95. What is m(17)?
-44
Let g(d) = 65*d - 381. Calculate g(9).
204
Let f(b) = b**2 - 95*b - 1414. Give f(108).
-10
Let u(n) = -141*n - 2942. Give u(-21).
19
Let u(w) = 2*w**2 + 143*w - 30. Determine u(0).
-30
Let y(a) = a**2 - 37*a - 3828.